{"version":"1.0","provider_name":"Magazine","provider_url":"https:\/\/www.mueblesrey.com\/magazine","author_name":"Rebeca","author_url":"https:\/\/www.mueblesrey.com\/magazine\/author\/cristina\/","title":"Perspectivas Episodio 3. Rosa Tercero - Magazine","type":"rich","width":600,"height":338,"html":"<blockquote class=\"wp-embedded-content\" data-secret=\"ODs7Xr3myW\"><a href=\"https:\/\/www.mueblesrey.com\/magazine\/perspectivas-capitulo-3-rosa-tercero\/\">Perspectivas Episodio 3. Rosa Tercero<\/a><\/blockquote><iframe sandbox=\"allow-scripts\" security=\"restricted\" src=\"https:\/\/www.mueblesrey.com\/magazine\/perspectivas-capitulo-3-rosa-tercero\/embed\/#?secret=ODs7Xr3myW\" width=\"600\" height=\"338\" title=\"\u00abPerspectivas Episodio 3. Rosa Tercero\u00bb \u2014 Magazine\" data-secret=\"ODs7Xr3myW\" frameborder=\"0\" marginwidth=\"0\" marginheight=\"0\" scrolling=\"no\" class=\"wp-embedded-content\"><\/iframe><script type=\"text\/javascript\">\n\/* <![CDATA[ *\/\n\/*! This file is auto-generated *\/\n!function(d,l){\"use strict\";l.querySelector&&d.addEventListener&&\"undefined\"!=typeof URL&&(d.wp=d.wp||{},d.wp.receiveEmbedMessage||(d.wp.receiveEmbedMessage=function(e){var t=e.data;if((t||t.secret||t.message||t.value)&&!\/[^a-zA-Z0-9]\/.test(t.secret)){for(var s,r,n,a=l.querySelectorAll('iframe[data-secret=\"'+t.secret+'\"]'),o=l.querySelectorAll('blockquote[data-secret=\"'+t.secret+'\"]'),c=new RegExp(\"^https?:$\",\"i\"),i=0;i<o.length;i++)o[i].style.display=\"none\";for(i=0;i<a.length;i++)s=a[i],e.source===s.contentWindow&&(s.removeAttribute(\"style\"),\"height\"===t.message?(1e3<(r=parseInt(t.value,10))?r=1e3:~~r<200&&(r=200),s.height=r):\"link\"===t.message&&(r=new URL(s.getAttribute(\"src\")),n=new URL(t.value),c.test(n.protocol))&&n.host===r.host&&l.activeElement===s&&(d.top.location.href=t.value))}},d.addEventListener(\"message\",d.wp.receiveEmbedMessage,!1),l.addEventListener(\"DOMContentLoaded\",function(){for(var e,t,s=l.querySelectorAll(\"iframe.wp-embedded-content\"),r=0;r<s.length;r++)(t=(e=s[r]).getAttribute(\"data-secret\"))||(t=Math.random().toString(36).substring(2,12),e.src+=\"#?secret=\"+t,e.setAttribute(\"data-secret\",t)),e.contentWindow.postMessage({message:\"ready\",secret:t},\"*\")},!1)))}(window,document);\n\/\/# sourceURL=https:\/\/www.mueblesrey.com\/magazine\/wp-includes\/js\/wp-embed.min.js\n\/* ]]> *\/\n<\/script>\n","thumbnail_url":"https:\/\/www.mueblesrey.com\/magazine\/wp-content\/uploads\/2025\/05\/Perspectivas-2-scaled.jpg","thumbnail_width":2560,"thumbnail_height":1707,"description":"Crear un hogar va m\u00e1s all\u00e1 de seleccionar muebles y colores; es dise\u00f1ar un espacio que refleje la esencia de quienes lo habitan. Rosa Tercero, interiorista con m\u00e1s de 25 a\u00f1os de experiencia, nos habla sobre su trayectoria, su visi\u00f3n del dise\u00f1o y la evoluci\u00f3n del interiorismo en la actualidad. Para Rosa, el futuro del dise\u00f1o est\u00e1 en la personalizaci\u00f3n y en la conexi\u00f3n con el cliente. Desde su Estudio Calibre lidera proyectos, apostando por la personalizaci\u00f3n y transformaci\u00f3n de los espacios. Compartimos con Rosa en esta entrevista su trayectoria profesional, de tienda de decoraci\u00f3n a estudio de interiorismo, donde el dise\u00f1o va m\u00e1s all\u00e1 del objeto y se convierte en una experiencia. Nos muestra su pasi\u00f3n por el dise\u00f1o y su compromiso con la excelencia y la raz\u00f3n por la que su enfoque detallista y capacidad para entender las tendencias del mercado, la han posicionado como una profesional destacada en el \u00e1mbito del interiorismo. Haz click y no te pierdas la entrevista completa a Rosa en nuestro video podcast \u00bfC\u00f3mo surge Estudio Calibre? Mi historia con el dise\u00f1o comienza en 2001, cuando junto a una amiga tomamos las riendas de \u201cEl Div\u00e1n\u201d, una tienda de referencia que ofrec\u00eda dise\u00f1o espa\u00f1ol de vanguardia. Lleg\u00f3 la crisis del 2008, la gente dej\u00f3 de consumir de la misma forma. Nos reinventamos y pasamos de ser una tienda de mobiliario a un estudio de decoraci\u00f3n e interiorismo. As\u00ed naci\u00f3 Estudio Calibre, apostando por el interiorismo y la personalizaci\u00f3n de espacios. \u00bfCu\u00e1l es el principio de un proyecto? Considero que trabajas el dise\u00f1o que escucha, me gustar\u00eda saber c\u00f3mo es el proceso que realizas. El interiorismo es una disciplina que requiere empat\u00eda y atenci\u00f3n al detalle. Mi metodolog\u00eda de trabajo se basa en escuchar a mis clientes, entender sus necesidades y transformar sus ideas en espacios que realmente los representen. Los procesos de reforma son largos en el tiempo, nunca los dejas de la mano, est\u00e1s con ellos constantemente y al final, llegas a buen puerto, y cuando ellos te dicen &#8211; Me encanta mi casa -, mi funci\u00f3n ha terminado, yo me voy y ellos se quedan durante mucho tiempo. El hecho de que no quieran salir de su nueva casa es la mejor rese\u00f1a. \u00abCada vez m\u00e1s, la gente busca hogares funcionales, vers\u00e1tiles y que cuenten su historia. Mi trabajo es ayudarles a encontrar ese equilibrio entre est\u00e9tica, funcionalidad y emoci\u00f3n\u00bb En estos \u00faltimos a\u00f1os hemos asistido al cambio y la evoluci\u00f3n de la decoraci\u00f3n en los hogares. \u00bfC\u00f3mo consideras que ha afectado a cada estancia? Ahora la casa es un concepto m\u00e1s global, en un pack. Antes se hac\u00eda por estancias de manera m\u00e1s concreta. Las casas han cambiado con el tiempo, adapt\u00e1ndose a nuevas formas de convivencia y trabajo. Antes, los hogares ten\u00edan espacios m\u00e1s compartimentados, mientras que ahora predominan las \u00e1reas abiertas que fomentan la interacci\u00f3n. Hablemos de tendencias y lo que impacta a que sean consideradas referencia a la hora de una reforma. Trajiste Mil\u00e1n como moderna que eres, \u00a1cu\u00e9ntame m\u00e1s! Como profesional, nos referenciamos en ellas, las tendencias est\u00e1n ah\u00ed, lo importante es que el cliente consiga que ese hogar sea muy \u00e9l o ella, haciendo que lo que consiga sea un hogar \u00fanico. Me inspiro en las cosas bellas, ah\u00ed no hay tendencia. Ayudar a construir hogares no es tan sencillo, \u00bfCu\u00e1l dir\u00edas que es tu impronta particular? \u00bfQu\u00e9 es eso que te diferencia? La escucha me caracteriza, cuando mis clientes hablan, yo no apunto nada, y esa escucha te lleva a que la reforma, el interiorismo y la decoraci\u00f3n vayan en global, y aunque luego lo hagan en varias fases, el cliente tenga claro hacia d\u00f3nde se dirige. La otra cosa que me representa es el acompa\u00f1amiento, cuando dejan de llamarme s\u00e9 que mi trabajo ha finalizado. Casi todos los clientes terminan siendo amigos, la confianza es la clave en mi manera detrabajar. \u00abCuando comienzo un proyecto, me gusta hablar con mis clientes, conocer su estilo de vida, c\u00f3mo quieren vivir su hogar. La clave est\u00e1 en la escucha\u00bb En Rey como asesores de hogar realizan un acompa\u00f1amiento en el proceso de compra. \u00bfQu\u00e9 tan importante es ir de la mano a la hora de plantearse una reforma o proyecto de decoraci\u00f3n? En mi opini\u00f3n yo recomiendo que nadie se meta s\u00f3lo en este proceso porque puede llegar a ser un laberinto, que acudan a un asesor que les pueda guiar porque el camino hasta el final puede llegar a ser duro. En decoraci\u00f3n hay muchos estilos, \u00bfconsideras que tus clientes tienen un estilo propio o definido? La mayor\u00eda saben lo que no quieren, en eso no dudan, pero s\u00ed se cuestionan en lo que quieren, entienden que su forma de vivir les lleva a un estilo determinado. \u00bfCu\u00e1l es la estancia que m\u00e1s te gusta decorar? Me quedo con la cocina, cocinar no cocinamos todos los d\u00edas, pero comer s\u00ed, lo que hace que necesitemos este lugar no s\u00f3lo para vivir sino para reunirnos con familia y amigos. Ahora se utilizan para trabajar, colocan su port\u00e1til, hemos evolucionado, sobre todo desde la pandemia, fueun antes y un despu\u00e9s, la gente vio los defectos en sus casas, vivimos m\u00e1s tiempo fuera que dentro, y ahora el foco lo hemos puesto en nuestros hogares. \u00bfQu\u00e9 importancia le das a la iluminaci\u00f3n? La luz es fundamental a la hora de decorar y reformar, cualquier pieza puede ser mucho m\u00e1s bella si la iluminas bien. Recomiendo en el hogar la luz c\u00e1lida, las oficinas en luz fr\u00eda, pero cada espacio requiere de su propia iluminaci\u00f3n, es m\u00e1s, en cada estancia se pueden hacer distintas escenas de iluminaci\u00f3n. Los materiales cuentan historias. \u00bfCu\u00e1les son tus favoritos? Los materiales naturales son esenciales para lograr un dise\u00f1o atemporal y con identidad. Prefiero trabajar con lino, madera, cer\u00e1mica y m\u00e1rmol, materiales que aportan calidez y autenticidad a los espacios, que te conectan con lanaturaleza. \u00bfCu\u00e1l es tu experiencia personal con la marca Rey? La marca Rey fue mi primera mesa de comedor, era de cristal y octogonal, con estructura de lat\u00f3n brillante y unas sillas de lat\u00f3n a juego. Rey por entonces ten\u00eda ya una parte de mueble muy contempor\u00e1nea. \u00bfCu\u00e1l es tu color Pantone favorito? Los colores tienen la ventaja de que puedes cambiarlos, si quieres seguir la tendencia no hay tanto riesgo. Mi paleta de color favorita es la de los c\u00e1lidos, tonos tierra, naturales y sobre todo el blanco."}

Crear un hogar va más allá de seleccionar muebles y colores; es diseñar un espacio que refleje la esencia de quienes lo habitan. Rosa Tercero, interiorista con más de 25 años de experiencia, nos habla sobre su trayectoria, su visión del diseño y la evolución del interiorismo en la actualidad. Para Rosa, el futuro del diseño está en la personalización y en la conexión con el cliente. Desde su Estudio Calibre lidera proyectos, apostando por la personalización y transformación de los espacios. Compartimos con Rosa en esta entrevista su trayectoria profesional, de tienda de decoración a estudio de interiorismo, donde el diseño va más allá del objeto y se convierte en una experiencia. Nos muestra su pasión por el diseño y su compromiso con la excelencia y la razón por la que su enfoque detallista y capacidad para entender las tendencias del mercado, la han posicionado como una profesional destacada en el ámbito del interiorismo. Haz click y no te pierdas la entrevista completa a Rosa en nuestro video podcast ¿Cómo surge Estudio Calibre? Mi historia con el diseño comienza en 2001, cuando junto a una amiga tomamos las riendas de “El Diván”, una tienda de referencia que ofrecía diseño español de vanguardia. Llegó la crisis del 2008, la gente dejó de consumir de la misma forma. Nos reinventamos y pasamos de ser una tienda de mobiliario a un estudio de decoración e interiorismo. Así nació Estudio Calibre, apostando por el interiorismo y la personalización de espacios. ¿Cuál es el principio de un proyecto? Considero que trabajas el diseño que escucha, me gustaría saber cómo es el proceso que realizas. El interiorismo es una disciplina que requiere empatía y atención al detalle. Mi metodología de trabajo se basa en escuchar a mis clientes, entender sus necesidades y transformar sus ideas en espacios que realmente los representen. Los procesos de reforma son largos en el tiempo, nunca los dejas de la mano, estás con ellos constantemente y al final, llegas a buen puerto, y cuando ellos te dicen &#8211; Me encanta mi casa -, mi función ha terminado, yo me voy y ellos se quedan durante mucho tiempo. El hecho de que no quieran salir de su nueva casa es la mejor reseña. «Cada vez más, la gente busca hogares funcionales, versátiles y que cuenten su historia. Mi trabajo es ayudarles a encontrar ese equilibrio entre estética, funcionalidad y emoción» En estos últimos años hemos asistido al cambio y la evolución de la decoración en los hogares. ¿Cómo consideras que ha afectado a cada estancia? Ahora la casa es un concepto más global, en un pack. Antes se hacía por estancias de manera más concreta. Las casas han cambiado con el tiempo, adaptándose a nuevas formas de convivencia y trabajo. Antes, los hogares tenían espacios más compartimentados, mientras que ahora predominan las áreas abiertas que fomentan la interacción. Hablemos de tendencias y lo que impacta a que sean consideradas referencia a la hora de una reforma. Trajiste Milán como moderna que eres, ¡cuéntame más! Como profesional, nos referenciamos en ellas, las tendencias están ahí, lo importante es que el cliente consiga que ese hogar sea muy él o ella, haciendo que lo que consiga sea un hogar único. Me inspiro en las cosas bellas, ahí no hay tendencia. Ayudar a construir hogares no es tan sencillo, ¿Cuál dirías que es tu impronta particular? ¿Qué es eso que te diferencia? La escucha me caracteriza, cuando mis clientes hablan, yo no apunto nada, y esa escucha te lleva a que la reforma, el interiorismo y la decoración vayan en global, y aunque luego lo hagan en varias fases, el cliente tenga claro hacia dónde se dirige. La otra cosa que me representa es el acompañamiento, cuando dejan de llamarme sé que mi trabajo ha finalizado. Casi todos los clientes terminan siendo amigos, la confianza es la clave en mi manera detrabajar. «Cuando comienzo un proyecto, me gusta hablar con mis clientes, conocer su estilo de vida, cómo quieren vivir su hogar. La clave está en la escucha» En Rey como asesores de hogar realizan un acompañamiento en el proceso de compra. ¿Qué tan importante es ir de la mano a la hora de plantearse una reforma o proyecto de decoración? En mi opinión yo recomiendo que nadie se meta sólo en este proceso porque puede llegar a ser un laberinto, que acudan a un asesor que les pueda guiar porque el camino hasta el final puede llegar a ser duro. En decoración hay muchos estilos, ¿consideras que tus clientes tienen un estilo propio o definido? La mayoría saben lo que no quieren, en eso no dudan, pero sí se cuestionan en lo que quieren, entienden que su forma de vivir les lleva a un estilo determinado. ¿Cuál es la estancia que más te gusta decorar? Me quedo con la cocina, cocinar no cocinamos todos los días, pero comer sí, lo que hace que necesitemos este lugar no sólo para vivir sino para reunirnos con familia y amigos. Ahora se utilizan para trabajar, colocan su portátil, hemos evolucionado, sobre todo desde la pandemia, fueun antes y un después, la gente vio los defectos en sus casas, vivimos más tiempo fuera que dentro, y ahora el foco lo hemos puesto en nuestros hogares. ¿Qué importancia le das a la iluminación? La luz es fundamental a la hora de decorar y reformar, cualquier pieza puede ser mucho más bella si la iluminas bien. Recomiendo en el hogar la luz cálida, las oficinas en luz fría, pero cada espacio requiere de su propia iluminación, es más, en cada estancia se pueden hacer distintas escenas de iluminación. Los materiales cuentan historias. ¿Cuáles son tus favoritos? Los materiales naturales son esenciales para lograr un diseño atemporal y con identidad. Prefiero trabajar con lino, madera, cerámica y mármol, materiales que aportan calidez y autenticidad a los espacios, que te conectan con lanaturaleza. ¿Cuál es tu experiencia personal con la marca Rey? La marca Rey fue mi primera mesa de comedor, era de cristal y octogonal, con estructura de latón brillante y unas sillas de latón a juego. Rey por entonces tenía ya una parte de mueble muy contemporánea. ¿Cuál es tu color Pantone favorito? Los colores tienen la ventaja de que puedes cambiarlos, si quieres seguir la tendencia no hay tanto riesgo. Mi paleta de color favorita es la de los cálidos, tonos tierra, naturales y sobre todo el blanco.
